{"id":2717,"date":"2017-02-02T02:59:30","date_gmt":"2017-02-02T01:59:30","guid":{"rendered":"http:\/\/www.gabrielsanz.es\/web\/?page_id=2717"},"modified":"2022-03-19T19:39:48","modified_gmt":"2022-03-19T18:39:48","slug":"contacto","status":"publish","type":"page","link":"https:\/\/www.gabrielsanz.es\/web\/contacto\/","title":{"rendered":"Contactar"},"content":{"rendered":"\n<p>Aqu\u00ed deber\u00edas de ver un bonito y elegante formulario de contacto. Si ves esto es debido a razones t\u00e9cnicas que obligan a deshabilitarlo temporalmente.<br><br>Si necesitas contactar  puedes hacerlo mediante mensajes privados en alguna de las redes en las que tengo presencia. Los accesos a dichas redes est\u00e1n en el pie de la p\u00e1gina. <\/p>\n\n\n\n<p>Al final de esta misma p\u00e1gina tambi\u00e9n encontrar\u00e1s un formulario de comentarios.Estos no son p\u00fablicos hasta que el administrador de la web los valida. Puedes contactar igualmente por ese m\u00e9todo y te responder\u00e9 al mail (no visible al p\u00fablico) que indiques.<\/p>\n\n\n\n<p><br><\/p>\n\n\n\n<div class=\"wp-block-image\"><figure class=\"aligncenter size-full is-resized\"><img loading=\"lazy\" decoding=\"async\" src=\"https:\/\/www.gabrielsanz.es\/web\/wp-content\/uploads\/2016\/10\/lapiz.gif\" alt=\"lapiz\" class=\"wp-image-2297\" width=\"226\" height=\"226\"\/><\/figure><\/div>\n\n\n<h1 style=\"text-align: center;\">Te puede interesar<\/h1>\n<hr \/>\n<h6><strong>Impresiones o copias enmarcadas<\/strong><\/h6>\n<p>Si lo que deseas es una <span style=\"color: #993300;\"><span style=\"color: #000000;\">copia en papel con un acabado de calidad<\/span> <\/span> de alguna de las fotograf\u00edas o carteles, puedes hacerlo en:<\/p>\n<p style=\"text-align: center;\"><a href=\"https:\/\/www.deviantart.com\/gabrielsanz\/gallery\/\" rel=\"noopener noreferrer\">DEVIANT Art<\/a><\/p>\n<p style=\"text-align: left;\">Personalmente y para las copias que hago en esta plataforma elijo el acabado \u00ablustre\u00bb.<\/p>\n<p style=\"text-align: left;\">Algo que suele preocupar cuando son cantidades peque\u00f1as, o incluso solo una, es el tema del env\u00edo. En este caso puedo decir que es bastante seguro. Los env\u00edos van sin enrollar y con una buena protecci\u00f3n que evita marcajes, pliegues y deformaciones de la l\u00e1mina.<\/p>\n<p style=\"text-align: left;\">Entre otras opciones tambi\u00e9n puedes adquirir copias enmarcadas. Echa un ojo a las distintas opciones con vista previa que se ofrecen .<\/p>\n<p>\u00a0<\/p>\n<hr \/>\n<h6><strong>Fotograf\u00edas con licencia comercial<\/strong><\/h6>\n<p>Actualmente, mantengo separado el contenido de uso comercial del que es mas personal, pero no siempre fue as\u00ed.<\/p>\n<p>Algunas de las fotograf\u00edas que puedo mostrar aqu\u00ed fueron solicitadas en su momento para su utilizaci\u00f3n comercial mediante un acuerdo al que se lleg\u00f3 con Flickr. Estas fotograf\u00edas tienen una licencia comercial que es gestionada actualmente por Getty images. Puedes ver<a href=\"http:\/\/www.gettyimages.es\/search\/2\/image?artist=gabriel%20sanz%20(glitch)&amp;excludenudity=false&amp;sort=newest\" rel=\"noopener noreferrer\"><strong> en este enlace<\/strong><\/a> cu\u00e1les son y condiciones de uso as\u00ed como algunas de las otras im\u00e1genes creadas exclusivamente para venta en la web de stock fotogr\u00e1fico.<\/p>\n<p><a href=\"https:\/\/www.gettyimages.es\/search\/2\/image?artist=gabriel%20sanz%20(glitch)&amp;sort=newest\"><img decoding=\"async\" src=\"https:\/\/contributors.gettyimages.com\/public\/atk\/banners\/getty\/300x50\/black.png\" \/><\/a><\/p>\n<p>\u00a0<\/p>\n<hr \/>\n<h6><strong>Dise\u00f1os sobre articulos personalizables<\/strong><\/h6>\n<p>Algunos de mis <strong>dise\u00f1os<\/strong> en busca de un soporte mas all\u00e1 del papel o el disco duro puedes encontrarlos en:<\/p>\n<p style=\"text-align: center;\"><a title=\"LA TOSTADORA\" href=\"https:\/\/www.latostadora.com\/gsglitch\">LA TOSTADORA<\/a><\/p>\n<p style=\"text-align: center;\">Los art\u00edculos ofrecidos en esta plataforma pueden ser personalizados.<\/p>\n\n\n<figure class=\"wp-block-embed is-type-video is-provider-youtube wp-block-embed-youtube wp-embed-aspect-16-9 wp-has-aspect-ratio\"><div class=\"wp-block-embed__wrapper\">\n<iframe loading=\"lazy\" title=\"Dise\u00f1os e ilustracones sobre camisetas\" width=\"1170\" height=\"658\" src=\"https:\/\/www.youtube.com\/embed\/arACbbFatSY?feature=oembed\" frameborder=\"0\" allow=\"accelerometer; autoplay; clipboard-write; encrypted-media; gyroscope; picture-in-picture\" allowfullscreen><\/iframe>\n<\/div><\/figure>\n","protected":false},"excerpt":{"rendered":"<p>Aqu\u00ed deber\u00edas de ver un bonito y elegante formulario de contacto. Si ves esto es debido a razones t\u00e9cnicas que obligan a deshabilitarlo temporalmente. Si necesitas contactar puedes hacerlo mediante mensajes privados en alguna de las redes en las que tengo presencia. Los accesos a dichas redes est\u00e1n en el pie de la p\u00e1gina. Al [&hellip;]<\/p>\n","protected":false},"author":1,"featured_media":3239,"parent":0,"menu_order":0,"comment_status":"open","ping_status":"closed","template":"","meta":{"footnotes":""},"class_list":["post-2717","page","type-page","status-publish","has-post-thumbnail","czr-hentry"],"yoast_head":"<!-- This site is optimized with the Yoast SEO plugin v27.5 - https:\/\/yoast.com\/product\/yoast-seo-wordpress\/ -->\n<title>Formulario de contacto via Email con Gabriel Sanz Glitch<\/title>\n<meta name=\"description\" content=\"Formulario de contacto. Si quieres contactar con Gabriel Sanz, esta es la mejor manera de hacerlo. Sientete libre de hacerlo y comentar, proponer colaboraciones o solicitar algo espec\u00edfico\" \/>\n<meta name=\"robots\" content=\"index, follow, max-snippet:-1, max-image-preview:large, max-video-preview:-1\" \/>\n<link rel=\"canonical\" href=\"https:\/\/www.gabrielsanz.es\/web\/contacto\/\" \/>\n<meta property=\"og:locale\" content=\"es_ES\" \/>\n<meta property=\"og:type\" content=\"article\" \/>\n<meta property=\"og:title\" content=\"Formulario de contacto via Email con Gabriel Sanz Glitch\" \/>\n<meta property=\"og:description\" content=\"Formulario de contacto. Si quieres contactar con Gabriel Sanz, esta es la mejor manera de hacerlo. Sientete libre de hacerlo y comentar, proponer colaboraciones o solicitar algo espec\u00edfico\" \/>\n<meta property=\"og:url\" content=\"https:\/\/www.gabrielsanz.es\/web\/contacto\/\" \/>\n<meta property=\"og:site_name\" content=\"Gabriel Sanz Glitch\" \/>\n<meta property=\"article:publisher\" content=\"https:\/\/www.facebook.com\/gabrielsanz.glitch\" \/>\n<meta property=\"article:modified_time\" content=\"2022-03-19T18:39:48+00:00\" \/>\n<meta property=\"og:image\" content=\"https:\/\/www.gabrielsanz.es\/web\/wp-content\/uploads\/2018\/04\/avatar-perfil.jpg\" \/>\n\t<meta property=\"og:image:width\" content=\"816\" \/>\n\t<meta property=\"og:image:height\" content=\"816\" \/>\n\t<meta property=\"og:image:type\" content=\"image\/jpeg\" \/>\n<meta name=\"twitter:card\" content=\"summary_large_image\" \/>\n<meta name=\"twitter:site\" content=\"@GabrielSanz_Art\" \/>\n<meta name=\"twitter:label1\" content=\"Tiempo de lectura\" \/>\n\t<meta name=\"twitter:data1\" content=\"2 minutos\" \/>\n<script type=\"application\/ld+json\" class=\"yoast-schema-graph\">{\"@context\":\"https:\\\/\\\/schema.org\",\"@graph\":[{\"@type\":\"WebPage\",\"@id\":\"https:\\\/\\\/www.gabrielsanz.es\\\/web\\\/contacto\\\/\",\"url\":\"https:\\\/\\\/www.gabrielsanz.es\\\/web\\\/contacto\\\/\",\"name\":\"Formulario de contacto via Email con Gabriel Sanz Glitch\",\"isPartOf\":{\"@id\":\"https:\\\/\\\/www.gabrielsanz.es\\\/web\\\/#website\"},\"primaryImageOfPage\":{\"@id\":\"https:\\\/\\\/www.gabrielsanz.es\\\/web\\\/contacto\\\/#primaryimage\"},\"image\":{\"@id\":\"https:\\\/\\\/www.gabrielsanz.es\\\/web\\\/contacto\\\/#primaryimage\"},\"thumbnailUrl\":\"https:\\\/\\\/www.gabrielsanz.es\\\/web\\\/wp-content\\\/uploads\\\/2018\\\/04\\\/avatar-perfil.jpg\",\"datePublished\":\"2017-02-02T01:59:30+00:00\",\"dateModified\":\"2022-03-19T18:39:48+00:00\",\"description\":\"Formulario de contacto. Si quieres contactar con Gabriel Sanz, esta es la mejor manera de hacerlo. Sientete libre de hacerlo y comentar, proponer colaboraciones o solicitar algo espec\u00edfico\",\"breadcrumb\":{\"@id\":\"https:\\\/\\\/www.gabrielsanz.es\\\/web\\\/contacto\\\/#breadcrumb\"},\"inLanguage\":\"es\",\"potentialAction\":[{\"@type\":\"ReadAction\",\"target\":[\"https:\\\/\\\/www.gabrielsanz.es\\\/web\\\/contacto\\\/\"]}]},{\"@type\":\"ImageObject\",\"inLanguage\":\"es\",\"@id\":\"https:\\\/\\\/www.gabrielsanz.es\\\/web\\\/contacto\\\/#primaryimage\",\"url\":\"https:\\\/\\\/www.gabrielsanz.es\\\/web\\\/wp-content\\\/uploads\\\/2018\\\/04\\\/avatar-perfil.jpg\",\"contentUrl\":\"https:\\\/\\\/www.gabrielsanz.es\\\/web\\\/wp-content\\\/uploads\\\/2018\\\/04\\\/avatar-perfil.jpg\",\"width\":816,\"height\":816,\"caption\":\"Retrato Gabriel Sanz\"},{\"@type\":\"BreadcrumbList\",\"@id\":\"https:\\\/\\\/www.gabrielsanz.es\\\/web\\\/contacto\\\/#breadcrumb\",\"itemListElement\":[{\"@type\":\"ListItem\",\"position\":1,\"name\":\"Portada\",\"item\":\"https:\\\/\\\/www.gabrielsanz.es\\\/web\\\/\"},{\"@type\":\"ListItem\",\"position\":2,\"name\":\"Contactar\"}]},{\"@type\":\"WebSite\",\"@id\":\"https:\\\/\\\/www.gabrielsanz.es\\\/web\\\/#website\",\"url\":\"https:\\\/\\\/www.gabrielsanz.es\\\/web\\\/\",\"name\":\"Gabriel Sanz Glitch\",\"description\":\"Artes visuales. Fotograf\u00eda, ilustraci\u00f3n, dise\u00f1o\",\"publisher\":{\"@id\":\"https:\\\/\\\/www.gabrielsanz.es\\\/web\\\/#\\\/schema\\\/person\\\/0a3b27f1958980a66f7d2afb3183dca2\"},\"potentialAction\":[{\"@type\":\"SearchAction\",\"target\":{\"@type\":\"EntryPoint\",\"urlTemplate\":\"https:\\\/\\\/www.gabrielsanz.es\\\/web\\\/?s={search_term_string}\"},\"query-input\":{\"@type\":\"PropertyValueSpecification\",\"valueRequired\":true,\"valueName\":\"search_term_string\"}}],\"inLanguage\":\"es\"},{\"@type\":[\"Person\",\"Organization\"],\"@id\":\"https:\\\/\\\/www.gabrielsanz.es\\\/web\\\/#\\\/schema\\\/person\\\/0a3b27f1958980a66f7d2afb3183dca2\",\"name\":\"Gabriel Sanz Glitch\",\"image\":{\"@type\":\"ImageObject\",\"inLanguage\":\"es\",\"@id\":\"https:\\\/\\\/www.gabrielsanz.es\\\/web\\\/wp-content\\\/uploads\\\/2018\\\/03\\\/Avatar-2x6.jpg\",\"url\":\"https:\\\/\\\/www.gabrielsanz.es\\\/web\\\/wp-content\\\/uploads\\\/2018\\\/03\\\/Avatar-2x6.jpg\",\"contentUrl\":\"https:\\\/\\\/www.gabrielsanz.es\\\/web\\\/wp-content\\\/uploads\\\/2018\\\/03\\\/Avatar-2x6.jpg\",\"width\":960,\"height\":640,\"caption\":\"Gabriel Sanz Glitch\"},\"logo\":{\"@id\":\"https:\\\/\\\/www.gabrielsanz.es\\\/web\\\/wp-content\\\/uploads\\\/2018\\\/03\\\/Avatar-2x6.jpg\"},\"description\":\"Artista visual, Madrid Espa\u00f1a Fotograf\u00eda, ilustraci\u00f3n, dise\u00f1o.\",\"sameAs\":[\"https:\\\/\\\/www.gabrielsanz.es\\\/web\\\/Author\",\"https:\\\/\\\/www.facebook.com\\\/gabrielsanz.glitch\",\"https:\\\/\\\/www.instagram.com\\\/gabrielsanz.glitch\\\/\",\"https:\\\/\\\/www.linkedin.com\\\/in\\\/gabriel-sanz-glitch\",\"https:\\\/\\\/www.pinterest.com\\\/gabrielsanz\",\"https:\\\/\\\/x.com\\\/GabrielSanz_Art\",\"https:\\\/\\\/youtube.com\\\/c\\\/gabrielsanzglitch\",\"https:\\\/\\\/soundcloud.com\\\/gabriel-sanz-66698558\"]}]}<\/script>\n<!-- \/ Yoast SEO plugin. -->","yoast_head_json":{"title":"Formulario de contacto via Email con Gabriel Sanz Glitch","description":"Formulario de contacto. Si quieres contactar con Gabriel Sanz, esta es la mejor manera de hacerlo. Sientete libre de hacerlo y comentar, proponer colaboraciones o solicitar algo espec\u00edfico","robots":{"index":"index","follow":"follow","max-snippet":"max-snippet:-1","max-image-preview":"max-image-preview:large","max-video-preview":"max-video-preview:-1"},"canonical":"https:\/\/www.gabrielsanz.es\/web\/contacto\/","og_locale":"es_ES","og_type":"article","og_title":"Formulario de contacto via Email con Gabriel Sanz Glitch","og_description":"Formulario de contacto. Si quieres contactar con Gabriel Sanz, esta es la mejor manera de hacerlo. Sientete libre de hacerlo y comentar, proponer colaboraciones o solicitar algo espec\u00edfico","og_url":"https:\/\/www.gabrielsanz.es\/web\/contacto\/","og_site_name":"Gabriel Sanz Glitch","article_publisher":"https:\/\/www.facebook.com\/gabrielsanz.glitch","article_modified_time":"2022-03-19T18:39:48+00:00","og_image":[{"width":816,"height":816,"url":"https:\/\/www.gabrielsanz.es\/web\/wp-content\/uploads\/2018\/04\/avatar-perfil.jpg","type":"image\/jpeg"}],"twitter_card":"summary_large_image","twitter_site":"@GabrielSanz_Art","twitter_misc":{"Tiempo de lectura":"2 minutos"},"schema":{"@context":"https:\/\/schema.org","@graph":[{"@type":"WebPage","@id":"https:\/\/www.gabrielsanz.es\/web\/contacto\/","url":"https:\/\/www.gabrielsanz.es\/web\/contacto\/","name":"Formulario de contacto via Email con Gabriel Sanz Glitch","isPartOf":{"@id":"https:\/\/www.gabrielsanz.es\/web\/#website"},"primaryImageOfPage":{"@id":"https:\/\/www.gabrielsanz.es\/web\/contacto\/#primaryimage"},"image":{"@id":"https:\/\/www.gabrielsanz.es\/web\/contacto\/#primaryimage"},"thumbnailUrl":"https:\/\/www.gabrielsanz.es\/web\/wp-content\/uploads\/2018\/04\/avatar-perfil.jpg","datePublished":"2017-02-02T01:59:30+00:00","dateModified":"2022-03-19T18:39:48+00:00","description":"Formulario de contacto. Si quieres contactar con Gabriel Sanz, esta es la mejor manera de hacerlo. Sientete libre de hacerlo y comentar, proponer colaboraciones o solicitar algo espec\u00edfico","breadcrumb":{"@id":"https:\/\/www.gabrielsanz.es\/web\/contacto\/#breadcrumb"},"inLanguage":"es","potentialAction":[{"@type":"ReadAction","target":["https:\/\/www.gabrielsanz.es\/web\/contacto\/"]}]},{"@type":"ImageObject","inLanguage":"es","@id":"https:\/\/www.gabrielsanz.es\/web\/contacto\/#primaryimage","url":"https:\/\/www.gabrielsanz.es\/web\/wp-content\/uploads\/2018\/04\/avatar-perfil.jpg","contentUrl":"https:\/\/www.gabrielsanz.es\/web\/wp-content\/uploads\/2018\/04\/avatar-perfil.jpg","width":816,"height":816,"caption":"Retrato Gabriel Sanz"},{"@type":"BreadcrumbList","@id":"https:\/\/www.gabrielsanz.es\/web\/contacto\/#breadcrumb","itemListElement":[{"@type":"ListItem","position":1,"name":"Portada","item":"https:\/\/www.gabrielsanz.es\/web\/"},{"@type":"ListItem","position":2,"name":"Contactar"}]},{"@type":"WebSite","@id":"https:\/\/www.gabrielsanz.es\/web\/#website","url":"https:\/\/www.gabrielsanz.es\/web\/","name":"Gabriel Sanz Glitch","description":"Artes visuales. Fotograf\u00eda, ilustraci\u00f3n, dise\u00f1o","publisher":{"@id":"https:\/\/www.gabrielsanz.es\/web\/#\/schema\/person\/0a3b27f1958980a66f7d2afb3183dca2"},"potentialAction":[{"@type":"SearchAction","target":{"@type":"EntryPoint","urlTemplate":"https:\/\/www.gabrielsanz.es\/web\/?s={search_term_string}"},"query-input":{"@type":"PropertyValueSpecification","valueRequired":true,"valueName":"search_term_string"}}],"inLanguage":"es"},{"@type":["Person","Organization"],"@id":"https:\/\/www.gabrielsanz.es\/web\/#\/schema\/person\/0a3b27f1958980a66f7d2afb3183dca2","name":"Gabriel Sanz Glitch","image":{"@type":"ImageObject","inLanguage":"es","@id":"https:\/\/www.gabrielsanz.es\/web\/wp-content\/uploads\/2018\/03\/Avatar-2x6.jpg","url":"https:\/\/www.gabrielsanz.es\/web\/wp-content\/uploads\/2018\/03\/Avatar-2x6.jpg","contentUrl":"https:\/\/www.gabrielsanz.es\/web\/wp-content\/uploads\/2018\/03\/Avatar-2x6.jpg","width":960,"height":640,"caption":"Gabriel Sanz Glitch"},"logo":{"@id":"https:\/\/www.gabrielsanz.es\/web\/wp-content\/uploads\/2018\/03\/Avatar-2x6.jpg"},"description":"Artista visual, Madrid Espa\u00f1a Fotograf\u00eda, ilustraci\u00f3n, dise\u00f1o.","sameAs":["https:\/\/www.gabrielsanz.es\/web\/Author","https:\/\/www.facebook.com\/gabrielsanz.glitch","https:\/\/www.instagram.com\/gabrielsanz.glitch\/","https:\/\/www.linkedin.com\/in\/gabriel-sanz-glitch","https:\/\/www.pinterest.com\/gabrielsanz","https:\/\/x.com\/GabrielSanz_Art","https:\/\/youtube.com\/c\/gabrielsanzglitch","https:\/\/soundcloud.com\/gabriel-sanz-66698558"]}]}},"_links":{"self":[{"href":"https:\/\/www.gabrielsanz.es\/web\/wp-json\/wp\/v2\/pages\/2717","targetHints":{"allow":["GET"]}}],"collection":[{"href":"https:\/\/www.gabrielsanz.es\/web\/wp-json\/wp\/v2\/pages"}],"about":[{"href":"https:\/\/www.gabrielsanz.es\/web\/wp-json\/wp\/v2\/types\/page"}],"author":[{"embeddable":true,"href":"https:\/\/www.gabrielsanz.es\/web\/wp-json\/wp\/v2\/users\/1"}],"replies":[{"embeddable":true,"href":"https:\/\/www.gabrielsanz.es\/web\/wp-json\/wp\/v2\/comments?post=2717"}],"version-history":[{"count":52,"href":"https:\/\/www.gabrielsanz.es\/web\/wp-json\/wp\/v2\/pages\/2717\/revisions"}],"predecessor-version":[{"id":4521,"href":"https:\/\/www.gabrielsanz.es\/web\/wp-json\/wp\/v2\/pages\/2717\/revisions\/4521"}],"wp:featuredmedia":[{"embeddable":true,"href":"https:\/\/www.gabrielsanz.es\/web\/wp-json\/wp\/v2\/media\/3239"}],"wp:attachment":[{"href":"https:\/\/www.gabrielsanz.es\/web\/wp-json\/wp\/v2\/media?parent=2717"}],"curies":[{"name":"wp","href":"https:\/\/api.w.org\/{rel}","templated":true}]}}